{"id":210,"date":"2025-11-01T00:07:24","date_gmt":"2025-11-01T03:07:24","guid":{"rendered":"https:\/\/www.procyp.unam.edu.ar\/?page_id=210"},"modified":"2026-01-05T15:05:43","modified_gmt":"2026-01-05T18:05:43","slug":"trabajos-ofrecidos","status":"publish","type":"page","link":"https:\/\/www.procyp.unam.edu.ar\/index.php\/trabajos-ofrecidos\/","title":{"rendered":"Servicios Ofrecidos"},"content":{"rendered":"\n<p class=\"texto-justificado\" style=\"font-size:clamp(15.197px, 0.95rem + ((1vw - 3.2px) * 0.691), 23px);\"><strong>Recursos fibrosos:<\/strong> Propiedades f\u00edsicas. Caracterizaci\u00f3n de especies. Anatom\u00eda. Medici\u00f3n de par\u00e1metros fibrosos. Relaci\u00f3n entre anatom\u00eda de fibras y propiedades de la hoja de papel. Aptitud papelera. Identificaci\u00f3n de especies. Impregnaci\u00f3n. Penetraci\u00f3n. An\u00e1lisis qu\u00edmicos. Calidad de madera.<\/p>\n\n\n\n<p class=\"texto-justificado\" style=\"font-size:clamp(15.197px, 0.95rem + ((1vw - 3.2px) * 0.691), 23px);\"><strong>Pulpa, pulpados, blanqueos: <\/strong>Pulpados a escala laboratorio y piloto: mec\u00e1nicos, quimimec\u00e1nicos, semiqu\u00edmicos y kraft. Biopulpados. An\u00e1lisis de variables de cocci\u00f3n. Caracterizaci\u00f3n de pulpas: ensayos f\u00edsicos, mec\u00e1nicos, \u00f3pticos, qu\u00edmicos y microsc\u00f3picos. Secuencias de blanqueos libres de cloro (ECF y TCF).<\/p>\n\n\n\n<p class=\"texto-justificado\" style=\"font-size:clamp(15.197px, 0.95rem + ((1vw - 3.2px) * 0.691), 23px);\"><strong>Papeles y cartones: <\/strong>Ensayos f\u00edsicos, mec\u00e1nicos, \u00f3pticos, qu\u00edmicos y microsc\u00f3picos: gramaje, espesor, densidad, porosidad, lisura, tracci\u00f3n, explosi\u00f3n, rasgado, compresi\u00f3n, rigidez, resistencia en h\u00famedo, blancura, opacidad, color, pH, cenizas, otros. An\u00e1lisis microsc\u00f3pico de empastes. Ensayos de cargas y aditivos. Estudios de reciclado. An\u00e1lisis de impurezas. Celulosa moldeada. An\u00e1lisis y ensayos de papeles para envases.<\/p>\n\n\n\n<p class=\"texto-justificado\" style=\"font-size:clamp(15.197px, 0.95rem + ((1vw - 3.2px) * 0.691), 23px);\"><strong>Subproductos: <\/strong>Caracterizaci\u00f3n de licores residuales de cocci\u00f3n: lignina, ligniosulfonatos, hemicelulosas, az\u00facares, inorg\u00e1nicos, extractivos (por cromatograf\u00eda HPLC, GPC y espectrofotometr\u00eda). An\u00e1lisis de resina y oleorresina, tall oil, trementina. An\u00e1lisis de otros productos qu\u00edmicos.<\/p>\n\n\n\n<p class=\"texto-justificado\" style=\"font-size:clamp(15.197px, 0.95rem + ((1vw - 3.2px) * 0.691), 23px);\"><strong>Ingenier\u00eda de procesos: <\/strong>Estudio de variables de proceso. Optimizaci\u00f3n de procesos industriales. Estudios de eficiencia. Aplicaciones estad\u00edsticas. Alternativas de tratamiento de efluentes. Ensayos de floculaci\u00f3n y clarificaci\u00f3n.<\/p>\n\n\n\n<p class=\"texto-justificado\" style=\"font-size:clamp(15.197px, 0.95rem + ((1vw - 3.2px) * 0.691), 23px);\"><strong>Trabajos especiales: <\/strong>Microfotograf\u00eda de madera, fibras, papeles. Estudios de mercado. Estudios de Impacto ambiental de proyectos relacionados con la forestoindustria.<\/p>\n\n\n\n<p class=\"texto-justificado\" style=\"font-size:clamp(15.197px, 0.95rem + ((1vw - 3.2px) * 0.691), 23px);\"><strong>Capacitaci\u00f3n:<\/strong> Dictado de cursos en la facultad y en f\u00e1brica. Algunos de los t\u00edtulos son: La industria de la Pulpa y el Papel en el mundo. Anatom\u00eda de materias primas lignocelul\u00f3sicas. Qu\u00edmica de la madera. Preparaci\u00f3n de la madera. Pulpados de alto rendimiento. Pulpados qu\u00edmicos. Propiedades y evaluaci\u00f3n de pulpas. Fabricaci\u00f3n del papel. Instalaciones de servicios. Estad\u00edstica y dise\u00f1os experimentales aplicados a la industria de la pulpa y el papel. Tambi\u00e9n capacita personal mediante pasant\u00edas o becas, en sus laboratorios y Planta Piloto de Pulpa y Papel.<\/p>\n","protected":false},"excerpt":{"rendered":"<p>Recursos fibrosos: Propiedades f\u00edsicas. Caracterizaci\u00f3n de especies. Anatom\u00eda. Medici\u00f3n de par\u00e1metros fibrosos. Relaci\u00f3n entre anatom\u00eda de fibras y propiedades de la hoja de papel. Aptitud papelera. Identificaci\u00f3n de especies. Impregnaci\u00f3n. Penetraci\u00f3n. An\u00e1lisis qu\u00edmicos. Calidad de madera. Pulpa, pulpados, blanqueos: Pulpados a escala laboratorio y piloto: mec\u00e1nicos, quimimec\u00e1nicos, semiqu\u00edmicos y kraft. Biopulpados. An\u00e1lisis de variables de &hellip; <\/p>\n<p class=\"link-more\"><a href=\"https:\/\/www.procyp.unam.edu.ar\/index.php\/trabajos-ofrecidos\/\" class=\"more-link\">Leer m\u00e1s<span class=\"screen-reader-text\"> &#8220;Servicios Ofrecidos&#8221;<\/span><\/a><\/p>\n","protected":false},"author":2,"featured_media":0,"parent":0,"menu_order":0,"comment_status":"closed","ping_status":"closed","template":"","meta":{"footnotes":""},"class_list":["post-210","page","type-page","status-publish","hentry"],"featured_media_urls":[],"_links":{"self":[{"href":"https:\/\/www.procyp.unam.edu.ar\/index.php\/wp-json\/wp\/v2\/pages\/210","targetHints":{"allow":["GET"]}}],"collection":[{"href":"https:\/\/www.procyp.unam.edu.ar\/index.php\/wp-json\/wp\/v2\/pages"}],"about":[{"href":"https:\/\/www.procyp.unam.edu.ar\/index.php\/wp-json\/wp\/v2\/types\/page"}],"author":[{"embeddable":true,"href":"https:\/\/www.procyp.unam.edu.ar\/index.php\/wp-json\/wp\/v2\/users\/2"}],"replies":[{"embeddable":true,"href":"https:\/\/www.procyp.unam.edu.ar\/index.php\/wp-json\/wp\/v2\/comments?post=210"}],"version-history":[{"count":4,"href":"https:\/\/www.procyp.unam.edu.ar\/index.php\/wp-json\/wp\/v2\/pages\/210\/revisions"}],"predecessor-version":[{"id":699,"href":"https:\/\/www.procyp.unam.edu.ar\/index.php\/wp-json\/wp\/v2\/pages\/210\/revisions\/699"}],"wp:attachment":[{"href":"https:\/\/www.procyp.unam.edu.ar\/index.php\/wp-json\/wp\/v2\/media?parent=210"}],"curies":[{"name":"wp","href":"https:\/\/api.w.org\/{rel}","templated":true}]}}